r - 3. Calculate v(q).
-3
Let i(f) be the second derivative of f**3/3 + f**2/2 + 10*f - 3. Let m = -2 + 52. Let s = 44 - m. Determine i(s).
-11
Let g(s) = -s**3 - 10*s**2 + 200*s + 1. Let f be g(-20). Let w(z) = -4*z**3 + z**2 - 4*z + 3. Calculate w(f).
-4
Let b = 12957 - 12941. Let x(l) = 3*l - 72. Calculate x(b).
-24
Let z(w) = 3*w**3 - 2*w**2 - 33*w - 14. Let v(h) = 2*h**3 - h**2 - 22*h - 13. Let i(q) = -4*v(q) + 3*z(q). What is i(4)?
-2
Let t(f) be the second derivative of -f**4/12 + f**3/3 - f**2/2 + 49*f. Suppose 3*j - 3*i = 2*i + 34, 10 = -2*i. Determine t(j).
-4
Let w(p) = 101*p - 442. Let n(z) = -33*z + 146. Let o(b) = -7*n(b) - 2*w(b). What is o(5)?
7
Suppose 4*h + z = -13, 0 = -2*z + 1 - 3. Let d be (2/6)/(1/h) + 41. Suppose 5*i + d = 13*i. Let j(a) = a + 2. Calculate j(i).
7
Suppose 3 = 2*v - 3. Let d be v + -1 + 1/2*0. Let w(s) be the third derivative of -s**5/30 + s**4/6 - s**3/2 + s**2. Give w(d).
-3
Let q(s) = -s**2 + s + 8. Let n = 214 + -95. Suppose -n*b + 110*b = -63. Calculate q(b).
-34
Let g(q) be the second derivative of 5*q**4/12 - q**3/6 - q**2 - 1445*q. Calculate g(-1).
4
Let r(t) = -2*t**2 - 9*t - 11. Let l(y) = -2*y**2 - 9*y - 13. Let h(q) = -3*l(q) + 4*r(q). Let c be h(-4). Let f(i) = -13*i. Calculate f(c).
13
Let w(l) = l**2 - 9*l + 9. Suppose -5*g = 2*k - 123 + 323, 131 = -3*g + k. Let v = g - -49. Determine w(v).
-5
Suppose -31*w + 1254 = -145*w. Let j(y) = -2*y**3 - 26*y**2 - 42*y + 16. Calculate j(w).
-6
Let g(y) be the third derivative of -y**5/60 - 5*y**4/24 - 2*y**3/3 - 2*y**2. Let w(f) = f**2 - 11*f + 34. Let p be w(7). Suppose -p = 81*o - 80*o. Give g(o).
-10
Let d(c) = c - 14. Let x be 3/2*-25*20/(-150). Suppose -10*s = x*s - 165. Calculate d(s).
-3
Let o(f) = -25*f + 212. Let s be o(5). Suppose s - 6 = -9*u. Let v(a) = -a**3 - 9*a**2 + 3*a - 3. Give v(u).
-30
Let y(z) = -138*z + 1773. Let f(b) = -67*b + 886. Let i(u) = -7*f(u) + 3*y(u). Determine i(16).
-3
Let i(t) = -t**3 - 8*t**2 - 4. Suppose 0 = 91*s - 57*s + 152 + 120. What is i(s)?
-4
Let t(b) = 41*b**2 - 2*b + 2. Let w(d) = -14*d**2 - 53*d - 32. Let k be w(-3). Calculate t(k).
41
Let f(s) = 33*s**2 - 20*s + 185. Let p(r) = -8*r**2 - 2*r. Let x(z) = -f(z) - 4*p(z). Determine x(18).
-5
Let w(k) be the second derivative of k**5/30 - k**4/24 - k**3/3 - 11*k**2 + 30*k. Let h(j) be the second derivative of w(j). Determine h(2).
7
Let f(s) = 7*s - 95. Let g be f(12). Let j(a) = a**3 - 8*a**2 - 8*a - 11. Let h(b) = -6*b**3 + 40*b**2 + 40*b + 54. Let u(r) = g*j(r) - 2*h(r). Determine u(-7).
6
Let v(l) = -215*l + 21. Let p(b) = -568*b + 61. Let g(c) = -3*p(c) + 8*v(c). Give g(4).
-79
Let s(k) = -11*k**2 + 5299*k**3 - 17*k - 17*k + 7*k**2 - 5298*k**3 - 1. What is s(8)?
-17
Suppose 0 = 23*w - 21*w + 94. Let h = -31 - w. Let s(a) = -a**3 + 16*a**2 - 2*a + 34. Let i be s(h). Let q(g) = 2*g**2 - g + 2. What is q(i)?
8
Let p(s) = -20*s**3 - 13*s**2 + 422*s - 29. Let f(r) = 7*r**3 + 4*r**2 - 149*r + 10. Let u(q) = 17*f(q) + 6*p(q). Let l be -4*1*(-10)/(-4). Calculate u(l).
6
Let z(d) = -4*d + 4. Let x(i) = 7*i - 8. Let o(v) = -3*x(v) - 5*z(v). Suppose -3*q - 3*t = 0, -4*t - 2 = 6. Let k be (-14)/(-6)*-9*q/6. Give o(k).
11
Let k(i) = -4*i**2 - i + 2. Let b(j) = 4*j**2 + j - 1. Let z(r) = 3*b(r) + 2*k(r). Suppose -v + 28 = -8*v. Let o be 0 - 2 - (v + (-3)/(-1)). Give z(o).
4
Let x(o) = -o**2 - 9*o - 6. Suppose l = 5*l, l = 5*r. Suppose 5*y + 11 - 11 = r. Suppose -9*z - 25 - 38 = y. Give x(z).
8
Let o(t) = 4 - 9*t - 18*t**2 + 17*t**2 + 19*t. Suppose 0 = 3*z + 5*z - 72. Calculate o(z).
13
Let x(i) = 4*i**3 - 56*i**2 + i - 19. Let o be -3*35/(-7) + -1. Give x(o).
-5
Let x = 209 - 210. Let n be (0 + x - 1)/(12/24). Let t(u) = u**3 + 3*u**2 - 7*u - 6. Determine t(n).
6
Suppose -4*m - 12 - 4 = 0. Let d(y) be the first derivative of 2*y**3/3 + 4*y**2 - 5*y - 30372. What is d(m)?
-5
Let n be (-61)/(-5) + 3/(-15). Let q(v) = -9183 + 2*v**3 + n*v**2 + 9199 - 13*v - v**3. Calculate q(-13).
16
Let s(m) = 13*m - 4. Let z = 85 + -79. Let v(k) = -11*k + 3. Suppose 25 = -2*f + 7*f. Let r(p) = f*s(p) + z*v(p). Give r(-8).
6
Let c = 129 + -67. Let x(y) = -c + 52 + 0*y + y. Suppose -k + 7 + 1 = 0. What is x(k)?
-2
Let j(i) = -i**3 - 6*i**2 + 8*i + 10. Let f(m) = m**2 + 3*m - 27. Let h be f(7). Suppose -4*t - 4*r + 29 = -7*t, 5*t - 4*r = -h. Give j(t).
3
Let n = -397 + 169. Let c = -222 - n. Let g(h) = h**3 - 5*h**2 - 2*h - 4. Determine g(c).
20
Let y(p) = p**2 + 10*p + 3. Let c be (-363)/55 - 6/(-10) - 1. Determine y(c).
-18
Let f(s) = -6*s - 15. Let d(y) = -7*y + 33. Let i be d(4). Suppose 9*c = -4*j + i*c - 36, 0 = -4*c - 12. What is f(j)?
21
Let d(z) = -63*z - 9. Let k(r) = 13*r + 1. Let l(t) = -d(t) - 5*k(t). Let y(w) = -5*w**2 + 3*w + 3. Let i be y(-1). Calculate l(i).
14
Let m(i) = 5024*i**2 - i - 1. Let t be m(-1). Let g(b) = 5*b + t - 5021 + 3*b. Calculate g(3).
27
Let c(o) = o**3 + o**2 - 1. Let l(g) = -21*g**3 - 5*g**2 - 2*g + 3. Let u(n) = 4*c(n) + l(n). Let p be (-72 - -68)/((-4)/(-1)). Calculate u(p).
17
Suppose -8 = 2*u, 3*u - 10 = s + 5*u. Let l(d) = 3*d**3 + 5*d**2 - d - 2. Give l(s).
-4
Let y(n) = n**2 - 10*n + 8. Suppose 7*t - 9 + 177 = 0. Let z be (-287)/4 + (-18)/t. Let k = 79 + z. Determine y(k).
-8
Let p(y) be the first derivative of -11*y**5/60 + y**4/24 + y**3/6 - 17*y**2/2 - 5. Let h(d) be the second derivative of p(d). Let t = -65 - -64. Give h(t).
-11
Let y(f) = -8*f**2 + 14*f + 11. Let z(m) = -3*m**2 + 5*m + 4. Let r(u) = 4*y(u) - 11*z(u). Let a = -418 - -418. Determine r(a).
0
Let k(x) = -x**2 - x + 5. Let h be 0*(12/(-20) - 4/10). Suppose u - 4*g = -0*g + 8, h = -4*u - g + 32. Suppose -u*s = -0 + 32. Calculate k(s).
-7
Suppose -2*b - 13 = -17. Let z(g) = g + 1 + 1 + 16*g - b. What is z(-1)?
-17
Let t be -1*1 + -1 + 175/35. Let x(a) = -2*a - 2*a**t - 4*a**2 - 10*a**3 + 2 + 2*a**3 + 6*a**3. Give x(-2).
22
Let f = 291 - 204. Suppose -86*u = -f*u + 3. Let i(p) = 2*p**3 - 5*p**2 + 2*p - 1. Determine i(u).
14
Suppose -2*i + 766*d = 771*d - 40, 0 = 2*i - 2*d + 2. Let x(u) = -7*u + 2. Let q(h) = -8*h + 2. Let g(k) = -5*q(k) + 6*x(k). Determine g(i).
-8
Suppose n + 4*t = 50, 2*t + 10 = -3*t. Let d(y) = -124*y + n*y + 63*y. Calculate d(-1).
3
Let a(u) = u**3 + 6*u**2 - 5. Let k be 5/(30/(-4)) - (-17158)/69. Let h = k - 254. Calculate a(h).
-5
Let f be 3 + 0/((-4)/(-4)). Let g(y) = -y + 0*y - 3 - f + 0. Suppose -p + 8 = 2*t, 2*p = 12*t - 7*t - 38. What is g(p)?
-2
Let k(z) be the third derivative of z**4/3 - 17*z**3 + z**2 - 12. What is k(12)?
-6
Let k(a) = 6*a**2 + 24*a + 1. Let u(r) = -r**3 + 52*r**2 + 144*r - 22. Let f(c) = 5*k(c) - u(c). Calculate f(23).
4
Let t be ((-2 + -2)/(-1))/2. Let b(r) be the second derivative of -3*r**5/20 - r**4/4 + r**3/2 + 2*r - 14841. Give b(t).
-30
Let s(i) = i**3 + 39*i**2 + 246*i - 58. Let u be s(-31). Let o(z) = -3*z + z**3 - 4*z**2 + 0*z**2 - 3 + z**2. Determine o(u).
1
Let m(p) = -p**3 - p**2 - 3*p - 21. Let z = -919 + 919. What is m(z)?
-21
Let c(f) = -3*f**2 - 12*f + 4. Let r(x) = 4*x**2 + 18*x - 6. Let p(t) = -7*c(t) - 5*r(t). Let k = 20 + -117. Let m = 101 + k. Give p(m).
-6
Let s(f) = f**3 + 16*f**2 - 3*f + 243. Suppose 63*x + 11 + 720 + 340 = 0. Give s(x).
5
Let y(r) = -2*r + r + r - r. Let h be (-1)/(1/(-6))*(-3)/2. Calculate y(h).
9
Let n(i) = i**3 - 9*i**2 + 16*i - 16. Suppose b = d - 1, 4*b - 190*d - 52 = -194*d. Determine n(b).
-28
Let s(c) be the second derivative of -16*c + 1/2*c**4 + 0 + 1/6*c**3 + 0*c**2. Suppose -11 + 1 = 5*v. Calculate s(v).
22
Let a be (1 + -1)/((-14)/(-7)). Let g be 0 + 4 + -2 - a. Let l(t) = -t**2 - 2*t. Let o(d) = -d**2 - 3*d. Let m(p) = -7*l(p) + 5*o(p). What is m(g)?
6
Let p(b) = -4*b**3 + 94*b**2 - 46*b + 4. Let t be p(23). Let m(u) = -u**3 + 5*u**2 + 2*u - 12. Calculate m(t).
12
Let r be 5 + (-2 - (3 + 1)). Let u(w) = -w - 1. Let o(k) = -3*k. Let i(m) = r*o(m) - u(m). What is i(-2)?
-7
Let i = 10 - 16. Let l(g) = 10*g - 17. Let p be l(2). Let s(q) = q + 8 - 5 + p. Determine s(i).
0
Let j(d) = -d**3 - 6*d**2. Let b = 30 - -124. Let m be -1 + (-10)/(-8) - b/(-56). Suppose 3 = 2*q + 3*s + 9, 2*q - m*s = -18. What is j(q)?
0
Let g(s) be the second derivative of 2*s**5/5 + s**4/12 - s**3/6 - s**2 - 358*s. Suppose 0 = 13*h + 3 + 10. Calculate g(h).
-8
Let k(s) = s**2 + 3*s - 2. Let l(v) 